{"id":27,"date":"2023-06-23T03:48:21","date_gmt":"2023-06-23T03:48:21","guid":{"rendered":"https:\/\/wphix.com\/wp\/portx\/?page_id=27"},"modified":"2024-09-30T13:20:30","modified_gmt":"2024-09-30T10:20:30","slug":"iletisim","status":"publish","type":"page","link":"https:\/\/beylerbeyitur.com\/index.php\/iletisim\/","title":{"rendered":"\u0130leti\u015fim"},"content":{"rendered":"\t\t<div data-elementor-type=\"wp-page\" data-elementor-id=\"27\" class=\"elementor elementor-27\">\n\t\t\t\t\t\t<section class=\"elementor-section elementor-top-section elementor-element elementor-element-6df17a9 elementor-section-boxed elementor-section-height-default elementor-section-height-default\" data-id=\"6df17a9\" data-element_type=\"section\">\n\t\t\t\t\t\t<div class=\"elementor-container elementor-column-gap-default\">\n\t\t\t\t\t<div class=\"elementor-column elementor-col-33 elementor-top-column elementor-element elementor-element-e01502c\" data-id=\"e01502c\" data-element_type=\"column\">\n\t\t\t<div class=\"elementor-widget-wrap elementor-element-populated\">\n\t\t\t\t\t\t<div class=\"elementor-element elementor-element-c50c18f elementor-widget elementor-widget-tp-heading\" data-id=\"c50c18f\" data-element_type=\"widget\" data-widget_type=\"tp-heading.default\">\n\t\t\t\t<div class=\"elementor-widget-container\">\n\t\t\t\r\n\r\n<div class=\"section-titcon-area ele-content-align\">\r\n\t\t\t<div class=\"tp-section__subtitle mb-15 p-relative wow fadeInUp  \" data-wow-duration=\".9s\" data-wow-delay=\".3s\">\u0130leti\u015fim<\/div>\r\n\t\t\t\t<p>Bilgi ve teklif i\u00e7in 0553 501 6301 numaral\u0131 telefondan bize ula\u015fabilirsiniz.<\/p>\r\n\t<\/div>\r\n\r\n\t\t<\/div>\n\t\t\t\t<\/div>\n\t\t\t\t\t<\/div>\n\t\t<\/div>\n\t\t\t\t<div class=\"elementor-column elementor-col-66 elementor-top-column elementor-element elementor-element-b70e7b0\" data-id=\"b70e7b0\" data-element_type=\"column\">\n\t\t\t<div class=\"elementor-widget-wrap elementor-element-populated\">\n\t\t\t\t\t\t<div class=\"elementor-element elementor-element-3a11035 elementor-widget elementor-widget-shortcode\" data-id=\"3a11035\" data-element_type=\"widget\" data-widget_type=\"shortcode.default\">\n\t\t\t\t<div class=\"elementor-widget-container\">\n\t\t\t\t\t<div class=\"elementor-shortcode\">\n<div class=\"wpcf7 no-js\" id=\"wpcf7-f859-o1\" lang=\"en-US\" dir=\"ltr\">\n<div class=\"screen-reader-response\"><p role=\"status\" aria-live=\"polite\" aria-atomic=\"true\"><\/p> <ul><\/ul><\/div>\n<form action=\"\/index.php\/wp-json\/wp\/v2\/pages\/27#wpcf7-f859-o1\" method=\"post\" class=\"wpcf7-form init\" aria-label=\"Contact form\" novalidate=\"novalidate\" data-status=\"init\">\n<div style=\"display: none;\">\n<input type=\"hidden\" name=\"_wpcf7\" value=\"859\" \/>\n<input type=\"hidden\" name=\"_wpcf7_version\" value=\"5.9.8\" \/>\n<input type=\"hidden\" name=\"_wpcf7_locale\" value=\"en_US\" \/>\n<input type=\"hidden\" name=\"_wpcf7_unit_tag\" value=\"wpcf7-f859-o1\" \/>\n<input type=\"hidden\" name=\"_wpcf7_container_post\" value=\"0\" \/>\n<input type=\"hidden\" name=\"_wpcf7_posted_data_hash\" value=\"\" \/>\n<\/div>\n<div class=\"contact-page__comment-form\">\n   <div class=\"row\">\n      <div class=\"col-xxl-6 col-xl-6 col-lg-6\">\n         <div class=\"contact-page__comment-input\">\n         <span class=\"wpcf7-form-control-wrap\" data-name=\"text-769\"><input size=\"40\" maxlength=\"400\" class=\"wpcf7-form-control wpcf7-text\" aria-invalid=\"false\" placeholder=\"Ad Soyad\" value=\"\" type=\"text\" name=\"text-769\" \/><\/span>\n         <\/div>\n      <\/div>\n      <div class=\"col-xxl-6 col-xl-6 col-lg-6\">\n         <div class=\"contact-page__comment-input\">\n         <span class=\"wpcf7-form-control-wrap\" data-name=\"text-770\"><input size=\"40\" maxlength=\"400\" class=\"wpcf7-form-control wpcf7-text\" aria-invalid=\"false\" placeholder=\"Mail Adresi\" value=\"\" type=\"text\" name=\"text-770\" \/><\/span>\n         <\/div>\n      <\/div>\n      <div class=\"col-xxl-12 col-xl-12 col-lg-12\">\n         <div class=\"contact-page__comment-input\">\n         <span class=\"wpcf7-form-control-wrap\" data-name=\"text-769\"><input size=\"40\" maxlength=\"400\" class=\"wpcf7-form-control wpcf7-text\" aria-invalid=\"false\" placeholder=\"Telefon Numaras\u0131\" value=\"\" type=\"text\" name=\"text-769\" \/><\/span>\n         <\/div>\n      <\/div>\n      <div class=\"col-xxl-12\">\n         <div class=\"contact-page__comment-input\">\n         <span class=\"wpcf7-form-control-wrap\" data-name=\"textarea-317\"><textarea cols=\"40\" rows=\"10\" maxlength=\"2000\" class=\"wpcf7-form-control wpcf7-textarea\" aria-invalid=\"false\" placeholder=\"Teklif almak istedi\u011finiz hizmet..\" name=\"textarea-317\"><\/textarea><\/span>\n         <\/div>\n      <\/div>\n      <div class=\"col-xxl-12\">\n         <div class=\"contact-page__comment-btn\">\n            <button type=\"submit\" class=\"thm-btn\">G\u00f6nder<\/button>\n         <\/div>\n      <\/div>\n   <\/div>\n<\/div><div class=\"wpcf7-response-output\" aria-hidden=\"true\"><\/div>\n<\/form>\n<\/div>\n<\/div>\n\t\t\t\t<\/div>\n\t\t\t\t<\/div>\n\t\t\t\t\t<\/div>\n\t\t<\/div>\n\t\t\t\t\t<\/div>\n\t\t<\/section>\n\t\t\t\t<section class=\"elementor-section elementor-top-section elementor-element elementor-element-330c4ac elementor-section-full_width elementor-section-height-default elementor-section-height-default\" data-id=\"330c4ac\" data-element_type=\"section\">\n\t\t\t\t\t\t<div class=\"elementor-container elementor-column-gap-no\">\n\t\t\t\t\t<div class=\"elementor-column elementor-col-100 elementor-top-column elementor-element elementor-element-b9bb6cb\" data-id=\"b9bb6cb\" data-element_type=\"column\">\n\t\t\t<div class=\"elementor-widget-wrap elementor-element-populated\">\n\t\t\t\t\t\t<div class=\"elementor-element elementor-element-a5105dc elementor-widget elementor-widget-tp-info-card\" data-id=\"a5105dc\" data-element_type=\"widget\" data-widget_type=\"tp-info-card.default\">\n\t\t\t\t<div class=\"elementor-widget-container\">\n\t\t\t\r\n            \r\n        \r\n    <div class=\"tp-location-area\">\r\n        <div class=\"container-fluid p-0\">\r\n            <div class=\"row gx-0\">\r\n                \r\n                                <div class=\"col-xl-4 col-lg-6 col-md-6\">\r\n                    <div class=\"tp-location-page-item tp-location-page-item-1 theme-color d-flex align-items-center\">\r\n                        <div class=\"icon p-relative\">\r\n                                                                                                <span><i aria-hidden=\"true\" class=\"tp flaticon-group\"><\/i><\/span>\r\n                                                                                    <\/div>\r\n\r\n                        <div class=\"text\">\r\n                                                        <h3 class=\"tp-location-page-title\">Beylerbeyi<\/h3>\r\n                                                                                    <p>Beylerbeyi Turizm Ankara da personel ta\u015f\u0131mac\u0131l\u0131\u011f\u0131, \u00f6\u011frenci ta\u015f\u0131mac\u0131l\u0131\u011f\u0131, vip transfer hizmeti sunmaktad\u0131r.<\/p>\r\n                                                    <\/div>\r\n                    <\/div>\r\n                <\/div>\r\n                                <div class=\"col-xl-4 col-lg-6 col-md-6\">\r\n                    <div class=\"tp-location-page-item tp-location-page-item-2 theme-background d-flex align-items-center\">\r\n                        <div class=\"icon p-relative\">\r\n                                                                                                <span><i aria-hidden=\"true\" class=\"tp flaticon-email\"><\/i><\/span>\r\n                                                                                    <\/div>\r\n\r\n                        <div class=\"text\">\r\n                                                        <h3 class=\"tp-location-page-title\">E-Mail Adresi<\/h3>\r\n                                                                                    <p>info@beylerbeyitur.com\neren@beylerbeyitur.com\nosman@beylerbeyitur.com\n<\/p>\r\n                                                    <\/div>\r\n                    <\/div>\r\n                <\/div>\r\n                                <div class=\"col-xl-4 col-lg-6 col-md-6\">\r\n                    <div class=\"tp-location-page-item tp-location-page-item-3 theme-color-2 d-flex align-items-center\">\r\n                        <div class=\"icon p-relative\">\r\n                                                                                                <span><i aria-hidden=\"true\" class=\"tp flaticon-customer-service\"><\/i><\/span>\r\n                                                                                    <\/div>\r\n\r\n                        <div class=\"text\">\r\n                                                        <h3 class=\"tp-location-page-title\">Ofis<\/h3>\r\n                                                                                    <p>Ye\u015filova, Eryaman Port AVM Kat 2 : Daire : 3 Etimesgut\/Ankara<\/p>\r\n                                                    <\/div>\r\n                    <\/div>\r\n                <\/div>\r\n                \r\n            <\/div>\r\n        <\/div>\r\n    <\/div>\r\n\r\n\t\t<\/div>\n\t\t\t\t<\/div>\n\t\t\t\t\t<\/div>\n\t\t<\/div>\n\t\t\t\t\t<\/div>\n\t\t<\/section>\n\t\t\t\t<section class=\"elementor-section elementor-top-section elementor-element elementor-element-5d1e247 elementor-section-full_width elementor-section-height-default elementor-section-height-default\" data-id=\"5d1e247\" data-element_type=\"section\">\n\t\t\t\t\t\t<div class=\"elementor-container elementor-column-gap-no\">\n\t\t\t\t\t<div class=\"elementor-column elementor-col-100 elementor-top-column elementor-element elementor-element-f7b1991\" data-id=\"f7b1991\" data-element_type=\"column\">\n\t\t\t<div class=\"elementor-widget-wrap elementor-element-populated\">\n\t\t\t\t\t\t<div class=\"elementor-element elementor-element-115fdc1 elementor-widget elementor-widget-google_maps\" data-id=\"115fdc1\" data-element_type=\"widget\" data-widget_type=\"google_maps.default\">\n\t\t\t\t<div class=\"elementor-widget-container\">\n\t\t\t\t\t<div class=\"elementor-custom-embed\">\n\t\t\t<iframe loading=\"lazy\"\n\t\t\t\t\tsrc=\"https:\/\/maps.google.com\/maps?q=Eryaman%20Port%20Avm&#038;t=m&#038;z=10&#038;output=embed&#038;iwloc=near\"\n\t\t\t\t\ttitle=\"Eryaman Port Avm\"\n\t\t\t\t\taria-label=\"Eryaman Port Avm\"\n\t\t\t><\/iframe>\n\t\t<\/div>\n\t\t\t\t<\/div>\n\t\t\t\t<\/div>\n\t\t\t\t\t<\/div>\n\t\t<\/div>\n\t\t\t\t\t<\/div>\n\t\t<\/section>\n\t\t\t\t<\/div>\n\t\t","protected":false},"excerpt":{"rendered":"<p>\u0130leti\u015fim Bilgi ve teklif i\u00e7in 0553 501 6301 numaral\u0131 telefondan bize ula\u015fabilirsiniz. Beylerbeyi Beylerbeyi Turizm Ankara da personel ta\u015f\u0131mac\u0131l\u0131\u011f\u0131, \u00f6\u011frenci ta\u015f\u0131mac\u0131l\u0131\u011f\u0131, vip transfer hizmeti sunmaktad\u0131r. E-Mail Adresi info@beylerbeyitur.com eren@beylerbeyitur.com osman@beylerbeyitur.com Ofis Ye\u015filova, Eryaman Port AVM Kat 2 : Daire : 3 Etimesgut\/Ankara<\/p>\n","protected":false},"author":1,"featured_media":0,"parent":0,"menu_order":0,"comment_status":"closed","ping_status":"closed","template":"elementor_header_footer","meta":{"_monsterinsights_skip_tracking":false,"_monsterinsights_sitenote_active":false,"_monsterinsights_sitenote_note":"","_monsterinsights_sitenote_category":0,"footnotes":""},"class_list":["post-27","page","type-page","status-publish","hentry"],"_links":{"self":[{"href":"https:\/\/beylerbeyitur.com\/index.php\/wp-json\/wp\/v2\/pages\/27","targetHints":{"allow":["GET"]}}],"collection":[{"href":"https:\/\/beylerbeyitur.com\/index.php\/wp-json\/wp\/v2\/pages"}],"about":[{"href":"https:\/\/beylerbeyitur.com\/index.php\/wp-json\/wp\/v2\/types\/page"}],"author":[{"embeddable":true,"href":"https:\/\/beylerbeyitur.com\/index.php\/wp-json\/wp\/v2\/users\/1"}],"replies":[{"embeddable":true,"href":"https:\/\/beylerbeyitur.com\/index.php\/wp-json\/wp\/v2\/comments?post=27"}],"version-history":[{"count":11,"href":"https:\/\/beylerbeyitur.com\/index.php\/wp-json\/wp\/v2\/pages\/27\/revisions"}],"predecessor-version":[{"id":1564,"href":"https:\/\/beylerbeyitur.com\/index.php\/wp-json\/wp\/v2\/pages\/27\/revisions\/1564"}],"wp:attachment":[{"href":"https:\/\/beylerbeyitur.com\/index.php\/wp-json\/wp\/v2\/media?parent=27"}],"curies":[{"name":"wp","href":"https:\/\/api.w.org\/{rel}","templated":true}]}}